is the greatest common divisor of q and r?
16
Let t = 62 + -42. Let i be 2*(4 - t/8). Suppose 0*x = -i*x + 126. What is the highest common factor of x and 28?
14
Let r = -1477 - -1652. Calculate the highest common factor of 119 and r.
7
Let p = 837 - 709. Let v be 24/10*40/6. Calculate the highest common factor of p and v.
16
Let o be 23*(-6)/(-8)*(-12 - -4). Let p = -75 - o. What is the highest common divisor of 9 and p?
9
Let t be 3/2 - -3*(-970)/(-60). Calculate the greatest common divisor of 625 and t.
25
Suppose -3*x + c + 69 = 0, 0*c + 123 = 5*x + c. Let d be ((-4)/(-5))/(x/(-180)). Let m = 8 + d. Calculate the greatest common divisor of 10 and m.
2
Let d(p) = -2*p**3 - p**2 - 4*p - 8. Let v be d(-3). Suppose -3*x + v = 37. Calculate the greatest common divisor of 20 and x.
4
Let j(z) = 2*z**2 + 6*z - 2. Let q be j(-8). Suppose -g + 58 = c, 3*g = 4*g - 3*c - q. What is the greatest common factor of 9 and g?
9
Let i be (-16)/(-80) - (-3228)/10. What is the greatest common divisor of 34 and i?
17
Let o(z) = 266*z - 797. Let t be o(3). Let y(f) = 2*f - 7. Suppose -4*i + 19 + 5 = 0. Let n be y(i). What is the greatest common divisor of n and t?
1
Let v = -41 + 43. Suppose 3*m - g = 11, -v*m = -0*g + 2*g - 2. Calculate the highest common divisor of 3 and m.
3
Let x be ((-8)/(-20))/((-1)/(-25)). Suppose 5*b + x*r = 5*r, -5*r = b + 12. Let u be (-1 + b)/(2 - 0). What is the highest common factor of u and 8?
1
Let n(w) = -w**2 - 35*w - 19. Let j be n(-20). Let m = j + -171. Calculate the highest common factor of 10 and m.
10
Let i = 411 - -237. Let p = i + -428. What is the highest common divisor of 20 and p?
20
Suppose -c + 2*r = -4*c + 58, 5*c + 5*r = 95. Let a = 24 - c. Let v be (-106)/(-3) + 4/6. Calculate the highest common factor of v and a.
4
Let r(d) = 2*d + 16. Suppose 0 = -6*m + 8 + 34. Let y be r(m). Suppose -5 = 5*w - y. Calculate the greatest common factor of 15 and w.
5
Let z = -223 - -262. What is the greatest common factor of z and 91?
13
Suppose 5*r + 18 = 93. Let d(h) = h**3 + 3*h**2 - 14*h - 15. Let t be d(-5). What is the greatest common divisor of t and r?
5
Suppose -3*q = 2*g - 3, 0 = 5*g - 2*q - 13 - 4. Let c be (0 + 40/g)*1386/56. Calculate the highest common divisor of c and 33.
33
Let q be ((-130)/6)/(1/(-3)). Suppose 3*u + 9*a - 8*a = 80, -5*a = -10. What is the highest common divisor of u and q?
13
Let o = 3197 + -1889. Calculate the greatest common factor of o and 12.
12
Suppose -650 = 5*i - 5*a, -5*a + 36 + 98 = -i. Let l be (-1)/(i/42 - -3). Calculate the greatest common divisor of 154 and l.
14
Let o(g) = 43*g + 217. Let w be o(-5). Let u(k) = -2 + 1 + 1 + 1 - 17*k**3. Let m be u(-1). What is the greatest common divisor of m and w?
2
Let o = -42 + 82. Suppose 4*k = 4*m - 13 + 41, 0 = -4*k - m + 18. What is the highest common factor of k and o?
5
Let c(u) = 31*u**3 - 2*u**2 - u. Let g be c(-1). Let v = 1 - g. Calculate the highest common divisor of 3 and v.
3
Suppose 0 = -5*i + 5, 5*i - 363 = 2*j - j. Suppose 0 = -4*k + q - 808, q - 404 = 2*k + 4*q. Let m = k - j. Calculate the greatest common factor of 26 and m.
26
Let b(m) = m**2 + 3*m + 41. Let c be b(0). Suppose 2*r = -4*i + 170, -2*i + 97 = 5*r - 0*r. What is the highest common divisor of c and i?
41
Let t(q) = -6*q + 252. Let i be t(41). Suppose -2*o + u = -39, 5*u - 12 = -5*o + 63. Calculate the highest common factor of o and i.
6
Let p(l) = -18*l**2 + 220*l - 4. Let b be p(12). Calculate the highest common factor of b and 10.
2
Suppose 2*h - h = 77. Let l = 260 + -253. What is the greatest common divisor of l and h?
7
Let p(t) = t**2 - 12*t + 30. Let x be p(-8). What is the highest common divisor of x and 10?
10
Let y(i) = -64*i - 80. Let u be y(-2). Calculate the greatest common divisor of u and 1680.
48
Suppose -x + u - 11 + 34 = 0, x = -4*u + 33. What is the greatest common factor of 25 and x?
25
Suppose 88 = 9*k - 5*k. Suppose c = -2*b + 63, -2*b + 4*b - 54 = -4*c. Calculate the greatest common factor of b and k.
11
Let n = 75 - 72. Let c = 11 + n. Suppose -4*g + 2*g = 3*y - 143, -g + 5*y = -65. Calculate the highest common divisor of g and c.
14
Let t be (-272)/(-64) - ((-14)/8 - -1). Suppose 2*b + t*r - 645 = -0*b, -r - 976 = -3*b. Calculate the highest common divisor of b and 13.
13
Let q = -169 - -314. Calculate the highest common factor of 29 and q.
29
Suppose -45*f - 3 = -48*f. What is the highest common factor of 199 and f?
1
Suppose 2*d - 5*a - 9 - 13 = 0, d - 2*a - 9 = 0. Let u be 1/(1/11*d). Suppose -37*t + 101 = -306. Calculate the greatest common divisor of u and t.
11
Let d = 2 + 6. Let v = d - 2. Suppose 2*q - 4 = 0, -5*n = -2*q + 3 - 19. What is the greatest common factor of v and n?
2
Let u(h) = -9*h**2 + 6 + 30*h - 30*h + 8*h**2. Suppose 0 = 2*g + 5*a, 5*a = -4*g + 3*g. Let v be u(g). What is the greatest common divisor of v and 6?
6
Suppose 4*i = i - 66. Let j be i/3*-3 - 2. Suppose -4*v + 864 = -d + 5*d, 2*v + 8 = 0. What is the highest common divisor of j and d?
20
Let f be ((-170)/(-10) - 2) + -7. Calculate the highest common divisor of 52 and f.
4
Let d(k) = 4*k**3 - k**2 - 3*k + 1. Let r be d(2). Let c = -431 - -258. Let x = c - -357. Calculate the highest common divisor of x and r.
23
Suppose 30*i = 33*i - 345. Let l be (-2)/23 + 1160/i. What is the greatest common factor of 25 and l?
5
Suppose -3*y + 12 = 4*d, -4*y - 3 = -4*d + 9. Suppose 4*w - 32 = -2*f, -6*f + d*f - 2*w = -36. Calculate the highest common factor of 5 and f.
5
Suppose 0*q - 5 = -5*q. Suppose -4*j = 2*v - 38, -q = 3*v - 4. Calculate the greatest common divisor of j and 72.
9
Suppose -2*w + 231 = 9*w. What is the greatest common factor of w and 273?
21
Suppose 4*t + 5*r = 24, -r - 3 = -3*t - 4. Let g be (1 + t)/((-8)/(-68)). What is the greatest common divisor of 85 and g?
17
Suppose 994 = 9*x - 266. What is the greatest common divisor of 140 and x?
140
Let t = 1511 - 1291. Calculate the highest common factor of 1430 and t.
110
Let d(j) = -59*j**2 + 18*j - 7*j - 8 + 32*j**2 + 26*j**2 + 4. Let k be 3/(-2)*16/(-3). Let p be d(k). What is the highest common factor of 5 and p?
5
Let w(q) = -q**2 + 11*q + 7. Let v be w(6). Let u = -19 + v. What is the greatest common factor of u and 18?
18
Suppose t + 20 = 2*t. Suppose 31*j - 7*j - 96 = 0. Calculate the highest common divisor of j and t.
4
Suppose -33*m = 33*m - 25409 + 8777. Let z be 1/(-2)*-18*4. What is the highest common factor of z and m?
36
Suppose 3*o + 0*s - 51 = -3*s, -s - 9 = -o. Let j = -10 + o. Suppose 0 = -j*v + 69 + 9. What is the greatest common factor of v and 26?
26
Let k be (-5 - 56/(-10))*(14 + 1). Suppose 0 = -u - 0*u + k. What is the highest common factor of 54 and u?
9
Suppose -39 = 2*g - 171. Calculate the greatest common factor of g and 6.
6
Let x = 18 - -57. What is the greatest common divisor of 100 and x?
25
Suppose 11 + 38 = 7*m. Calculate the highest common factor of 7 and m.
7
Let n be 6/(-4) - 2014/(-212). What is the highest common divisor of 1 and n?
1
Let i = -7 - -18. Let w be 2/(((-2)/(-4))/(11/2)). What is the greatest common divisor of w and i?
11
Suppose -5*i = -i - 176. Suppose 5*q = -0*q + 50. Let g be (16/q)/(34/85). What is the greatest common divisor of i and g?
4
Suppose 6*x - 476 = -28*x. What is the highest common factor of x and 266?
14
Let s(c) = -2*c - 4. Let k be s(-15). Let y = -24 + k. Suppose i + 10 = y*i. What is the greatest common factor of 60 and i?
10
Suppose 16*m = 1882 + 1446. Calculate the highest common factor of 16 and m.
16
Let x be (7/(-21))/((-1)/54). Let g = 24 - x. Calculate the greatest common factor of 12 and g.
6
Let b = -1041 - -1233. Suppose 0 = 2*x - c - 50, 5*c + 11 - 1 = 0. Calculate the greatest common divisor of x and b.
24
Suppose 3*p - 4*l = -385 + 4497, -3*p + 2*l + 4102 = 0. Calculate the greatest common divisor of 124 and p.
124
Let m be 312 - (38 + -45 + (-3)/(-1)). What is the greatest common divisor of 4 and m?
4
Suppose -41*k + 44*k = 120. Calculate the highest common factor of 360 and k.
40
Let p be 2502/5 + (-4)/10. Let r = p + -344. Calculate the greatest common divisor of r and 26.
26
Let j = 189 + -183. Calculate the greatest common divisor of j and 54.
6
Let a(z) = z**2 + 34*z + 40. Let b be a(-34). Suppose -5*o + 47 = -